f r?
1
Let b be (15/5 + -166)*1. Let v = -80 - b. What is the tens digit of v?
8
Let v(x) = -x**3 - 11*x**2 - 17*x + 9. Let d be v(-9). Suppose 3*t + 2*z + 1 = d, 0 = 3*t + 4*z + z + 7. What is the units digit of t?
1
What is the units digit of (3/(-9))/((-5)/405)?
7
Let t(b) = 2*b**2 + b**3 + 3 - 2*b**3 - 197*b + 200*b - 5*b**3. Suppose -2*w - 3*r = 1, 0 = 5*w - 3*r + r + 12. What is the units digit of t(w)?
3
Suppose -3*t + 1515 = -0*t - k, -5*t + 2*k + 2524 = 0. What is the hundreds digit of t?
5
Let t(w) = -w**3 - 8*w**2 - 13*w - 8. Let u be t(-6). Let y(f) = 27*f**2 + 2*f - 1. Let c be y(u). Let d = c + -62. What is the units digit of d?
1
What is the tens digit of 5697 - ((-1)/(-4) + (-156)/48)?
0
Let f = 974 + -609. What is the units digit of f?
5
Let h be (3*-2 - -1)/(155/(-62)). Suppose -3*i = h*n - 206 - 8, 0 = 5*n + 3*i - 553. What is the units digit of n?
3
Let p(v) = -5 + 2679*v - 3 - 2685*v. What is the units digit of p(-9)?
6
Suppose z + 6 + 15 = 5*c, z = -5*c + 29. Suppose -212 = 12*m - 1328. Suppose -m = z*d - 7*d. What is the tens digit of d?
3
Suppose -14*w + 36*w = 61996. What is the units digit of w?
8
What is the units digit of (-2)/(-12)*-4 + 1312/6?
8
Suppose -26*o = -30*o + 5*d + 2851, 0 = -4*o - 2*d + 2886. What is the hundreds digit of o?
7
Let v(g) = -10*g**3 + 1 - 2*g + 0*g**3 + 10*g**3 + g**3. What is the units digit of v(0)?
1
Let j be (7 - (-8)/2)*4. Suppose 2*a = 10 + j. What is the tens digit of a?
2
Let g(d) = 3*d + 2. Let k be g(12). Suppose -4*u - k = 6. Let m(q) = q + 13. What is the units digit of m(u)?
2
Let m be (12*-1)/(15/(-130)). Suppose -4*w - m = -4*j, 2*j = -w - 2*w + 27. What is the units digit of j?
1
Suppose -5*s + s = -96. What is the units digit of 209/3 + 8/s?
0
Let z be 7/(-21) - -5 - 1/(-3). Suppose z*i - 276 = 2*i. What is the units digit of i?
2
Let x = 23 + -27. Let r = x + 37. What is the tens digit of r?
3
Let i = -58 + 60. What is the units digit of -4 + (-2 - -42) + i?
8
Suppose -3*f - 14 - 22 = 0. Let i = 37 + f. What is the tens digit of i?
2
Let l be 3/(3 + (-12)/8). Suppose 4*g + 0*y + 2 = l*y, -2*g = 4*y - 14. Suppose d + 39 = 3*f - g, 5*f = -4*d + 78. What is the units digit of f?
4
Suppose -2*l = 4*f - 1592, -6*l + 8*l = -2*f + 800. Suppose -r + 91 = -4*n + n, -4*n - f = -4*r. What is the tens digit of r?
0
Let c be (0 + 309/9)/(2/12). Let t = c + -93. What is the units digit of t?
3
Suppose 0 = -10*i + 1570 + 1560. What is the units digit of i?
3
What is the units digit of 20*(-445)/10*(-8)/2?
0
Let m(i) = -i**3 - 29*i**2 - 31*i - 54. What is the tens digit of m(-29)?
4
Let k(q) = 14*q**2 - 3*q + 10. Let v be k(4). Let x = v - 122. What is the units digit of x?
0
Suppose -q = -3*p + 41, -p + 5*p + 2*q - 38 = 0. Suppose -p - 2 = -7*f. Suppose 1 = j + f*t - 18, 15 = j + t. What is the tens digit of j?
1
Suppose -5*t + 5*o = -13265, 2669 = -8*t + 9*t + 3*o. What is the thousands digit of t?
2
Let h = 915 + 3055. What is the thousands digit of h?
3
Let u(i) = -i + 3. Let t be u(-9). What is the tens digit of 2334/39 - t/(-78)?
6
Let g = 0 - -3. Suppose -o + 5 = -0*s - s, -g*s = 12. Let b(r) = 7*r**2 + r - 1. What is the units digit of b(o)?
7
What is the hundreds digit of -5 + 18/(-6) + 689?
6
Let l(m) = -4*m + 2. Let x be l(-16). What is the units digit of (902/x)/(2/12)?
2
What is the hundreds digit of 48*70/(-21)*-2?
3
Let h = -10 + 15. Let c = -30 - -57. Suppose i + f - h*f - c = 0, 0 = -i - 3*f + 34. What is the units digit of i?
1
Suppose -3*v + 1 = 34. Let w = v - -23. What is the units digit of 44/10 + w/20?
5
Suppose 3*r + 3*m = -15, r - m = -3 + 2. Let b = 1 - r. Suppose -2*x + 46 + 57 = -z, -x = -b*z - 55. What is the units digit of x?
1
Let z(c) = c**3 + 21*c**2 - 52*c - 19. What is the thousands digit of z(-20)?
1
Let x = 301 - -1254. What is the thousands digit of x?
1
Let f = -1546 - -1036. Let l = f - -805. What is the units digit of l?
5
Suppose 2*a - 3*u - 2194 = 2*u, u = -2*a + 2218. Suppose -14*z + a = -5*z. What is the hundreds digit of z?
1
Suppose 2*y - 7*y = p - 1207, 0 = -5*y + 20. What is the hundreds digit of p?
1
What is the units digit of -5 - 3860/6*(-28 + 25)?
5
Suppose -n = -4*p - 35, 5*n - p + 23 - 103 = 0. Let r = 84 - 80. Suppose r*c - c = n. What is the units digit of c?
5
Let l(x) = x**3 - 4*x**2 + 3*x - 4. Let m be l(4). Let b be (-1)/4*m/(-1). Suppose -b = -i + 7. What is the units digit of i?
9
Let w = 44 - 40. Let d(z) be the second derivative of z**5/20 - z**4/6 - z**3 + 3*z**2/2 + z. What is the units digit of d(w)?
1
Let r = 88 - -180. What is the hundreds digit of r?
2
What is the units digit of (13 - 24)/((-68)/67 + 1)?
7
What is the tens digit of (-148)/((-112)/(-21) - 6)?
2
Suppose 20 = 4*j, 0*q + 3*q - 2*j - 20 = 0. Suppose s - b - q = -0, -2*b - 2 = 0. What is the units digit of s?
9
Suppose j + 6*y - y = 163, 2*j = -3*y + 291. What is the tens digit of j?
3
What is the tens digit of 842 + (10/(-8) - 66/88)?
4
Let h(k) = k**2 - 18*k + 25. Let z be h(17). Suppose 4*i + 8 = 4*a, -a = -4*a + i + z. What is the units digit of a?
3
Suppose -6 + 1 = -h. Suppose w = h*s - 0*w - 189, -w = 4. Let g = -1 + s. What is the tens digit of g?
3
What is the units digit of (4/3)/(-2 + (-53960)/(-26961))?
6
Let t be (-1)/((1/4)/((-27)/36)). Suppose -t*a + 129 = 3*d, 40 = d + 6*a - 2*a. What is the units digit of d?
4
Suppose 17*h - 61793 - 8519 = 0. What is the tens digit of h?
3
Let q(w) = w**2 - 12*w + 1. Let s be q(12). Let c be 2 - s - (-30 - 4). Suppose -2*k = -m + 32, -3*k + 8*k = m - c. What is the tens digit of m?
3
Let z(t) = 4*t + 40. Let a be z(-9). Suppose -4*p = -w + 81, 2*w - w = 5*p + 85. Suppose w + 79 = a*g. What is the tens digit of g?
3
Let c(p) = 77*p**2 + 14*p - 67. What is the tens digit of c(7)?
0
Suppose 0 = -3*u + 4 + 2. Let d be ((-28)/(-126))/((-104)/36 - -3). Suppose 2*j - 2*s - 104 = 2*s, -104 = -u*j + d*s. What is the units digit of j?
2
Let x(h) = -314*h + 3. What is the units digit of x(-2)?
1
What is the tens digit of 168/(-378) + (-5260)/(-9)?
8
Let o = 38 + -33. Suppose o*d - 82 = 3*d. What is the units digit of d?
1
Let d(m) = -m**3 + 10*m**2 + 14*m - 7. Let r be d(11). Suppose -56 + 18 = -2*u - j, -2*u = 4*j - r. What is the tens digit of u?
2
Suppose -x - 1 = -3*f, 0 = -f - 3*f - 5*x + 33. Let y = f + 27. Let n = y - 6. What is the units digit of n?
3
Let p(m) = m**2 - 4*m - 10. Let u be p(7). Let s(q) = 2*q**2 - 17*q + 10. What is the units digit of s(u)?
5
What is the tens digit of (1*(-461)/1)/(21/(-21))?
6
Suppose -3*v + 648 = -204. Suppose -4*m + v - 112 = -2*k, 8 = 4*k. What is the tens digit of m?
4
Let h = 5 - 2. Let c be h + 1 + 2 + -4. What is the tens digit of -6*(c + 42/(-9))?
1
Let i(y) = 102*y - 13. What is the tens digit of i(2)?
9
Let f(x) = x**3 + 16*x**2 - 6*x - 88. What is the units digit of f(-16)?
8
Let w = -23 + 2. Let i be (-6)/w + (-8)/28. Suppose 3*v - 7*v + 148 = i. What is the units digit of v?
7
Let n(z) = z**2 - 14*z - 3. Suppose -k = -0 - 18. What is the tens digit of n(k)?
6
What is the units digit of 0 - (-2)/(-9) - (-880880)/468?
2
Suppose -3*i + 4 = -5*u - 240, 4*u = 3*i - 245. Let b = 119 - i. What is the tens digit of b?
3
Let v be ((-12)/(-5))/6*-5. Let m = v - 11. Let h = 29 + m. What is the tens digit of h?
1
Suppose -2*p - 4*m + 270 = 0, 7*m - 4*m - 132 = -p. What is the hundreds digit of p?
1
Suppose 0 = -4*p + g + 220, -2*g - 170 = 4*p - 7*p. Suppose -p = -3*q + 6. What is the units digit of q?
0
Let c be (5 - 35)/5 + 0 + 0. Let u(v) = -v**2 - 19*v + 1. What is the units digit of u(c)?
9
Let r(n) = 5*n**2 + 3*n - 11. Let j be r(-6). Let h = -37 + j. What is the tens digit of h?
1
Let d = 335 - 216. Let k = d + -48. Let t = 123 - k. What is the tens digit of t?
5
What is the units digit of (10738/(-21) + 8/(-12))*-1?
2
Let y(t) = -t**2 + 9*t - 13. What is the units digit of y(5)?
7
Let k be (3/(-2))/(9/(-24)). Suppose 4*v + k*h = 268, -v = v - 2*h - 138. What is the tens digit of v/6 + 3/(-9)?
1
Let q = -303 - -4014. What is the hundreds digit of q?
7
Suppose 5*y - 201 = r, 5*y + 0*y + 2*r - 213 = 0. What is the units digit of y + (-5)/(3 - -2)?
0
Suppose -35*q = -39*q + 188. What is the units digit of q?
7
Let i be (-16)/(-2) + -16 + 14. Let x be 3/9 + 22/i. Suppo